{"id":158,"date":"2011-09-25T05:34:27","date_gmt":"2011-09-25T05:34:27","guid":{"rendered":"https:\/\/2011.caguas.wordcamp.org\/?page_id=158"},"modified":"2011-11-13T20:32:55","modified_gmt":"2011-11-13T20:32:55","slug":"contactoorganizadores","status":"publish","type":"page","link":"https:\/\/caguas.wordcamp.org\/2011\/contactoorganizadores\/","title":{"rendered":"Contacto\/Organizadores"},"content":{"rendered":"<p>El comit\u00e9 organizador del WordCamp Caguas 2011, est\u00e1 compuesto por empresarios de tecnolog\u00eda y entusiastas de WordPress que trabajan de forma voluntaria. Los fondos recolectados en el evento son para cubrir los costos del mismo y cualquier excedente ser\u00e1 donado al <a href=\"http:\/\/wordpressfoundation.org\/\" target=\"_blank\">WordPress Foundation<\/a>.<\/p>\n<p>Para comunicarte con el comit\u00e9, puedes escribir a: caguas@wordcamp.org<\/p>\n<p>Miembros del Comit\u00e9:<\/p>\n<p><strong>Alba Leal<\/strong><br \/>\n<a href=\"mailto:aleal@tecnologialibre.com\">alba@tecnologialibre.com<\/a><br \/>\n<strong><\/strong><\/p>\n<p><strong>Nicole Sep\u00falveda<\/strong><br \/>\n<a href=\"mailto:nicole@aranay.com\">nicole@aranay.com<\/a><\/p>\n<p><strong>Ricardo Alcocer<\/strong><br \/>\n<a href=\"mailto:alco@tecnologialibre.com\">alco@tecnologialibre.com<\/a><\/p>\n<p><strong>Zamia Baerga<\/strong><br \/>\n<a href=\"mailto:zbaerga@gmail.com\">zbaerga@gmail.com<\/a><\/p>\n<p><strong>James Lynn<\/strong><br \/>\n<a href=\"mailto:james@jameslynn.com\">james@jameslynn.com<\/a><\/p>\n","protected":false},"excerpt":{"rendered":"<p>El comit\u00e9 organizador del WordCamp Caguas 2011, est\u00e1 compuesto por empresarios de tecnolog\u00eda y entusiastas de WordPress que trabajan de forma voluntaria. Los fondos recolectados en el evento son para cubrir los costos del mismo y cualquier excedente ser\u00e1 donado &hellip; <a href=\"https:\/\/caguas.wordcamp.org\/2011\/contactoorganizadores\/\">Continue reading <span class=\"screen-reader-text\">Contacto\/Organizadores<\/span>  <span class=\"meta-nav\">&rarr;<\/span><\/a><\/p>\n","protected":false},"author":7694169,"featured_media":0,"parent":0,"menu_order":8,"comment_status":"open","ping_status":"open","template":"","meta":{"jetpack_post_was_ever_published":false,"footnotes":""},"class_list":["post-158","page","type-page","status-publish","hentry"],"jetpack_shortlink":"https:\/\/wp.me\/P1wS4x-2y","jetpack_sharing_enabled":true,"_links":{"self":[{"href":"https:\/\/caguas.wordcamp.org\/2011\/wp-json\/wp\/v2\/pages\/158","targetHints":{"allow":["GET"]}}],"collection":[{"href":"https:\/\/caguas.wordcamp.org\/2011\/wp-json\/wp\/v2\/pages"}],"about":[{"href":"https:\/\/caguas.wordcamp.org\/2011\/wp-json\/wp\/v2\/types\/page"}],"author":[{"embeddable":true,"href":"https:\/\/caguas.wordcamp.org\/2011\/wp-json\/wp\/v2\/users\/7694169"}],"replies":[{"embeddable":true,"href":"https:\/\/caguas.wordcamp.org\/2011\/wp-json\/wp\/v2\/comments?post=158"}],"version-history":[{"count":9,"href":"https:\/\/caguas.wordcamp.org\/2011\/wp-json\/wp\/v2\/pages\/158\/revisions"}],"predecessor-version":[{"id":203,"href":"https:\/\/caguas.wordcamp.org\/2011\/wp-json\/wp\/v2\/pages\/158\/revisions\/203"}],"wp:attachment":[{"href":"https:\/\/caguas.wordcamp.org\/2011\/wp-json\/wp\/v2\/media?parent=158"}],"curies":[{"name":"wp","href":"https:\/\/api.w.org\/{rel}","templated":true}]}}